s the remainder when 568 is divided by 144?
136
What is the remainder when 1869 is divided by 18?
15
Calculate the remainder when 2791 is divided by 57.
55
What is the remainder when 117 is divided by 30?
27
What is the remainder when 453 is divided by 23?
16
What is the remainder when 222 is divided by 97?
28
What is the remainder when 259 is divided by 93?
73
What is the remainder when 321 is divided by 83?
72
What is the remainder when 309 is divided by 64?
53
What is the remainder when 155 is divided by 32?
27
What is the remainder when 159 is divided by 55?
49
What is the remainder when 172 is divided by 66?
40
Calculate the remainder when 753 is divided by 19.
12
What is the remainder when 942 is divided by 8?
6
What is the remainder when 1184 is divided by 579?
26
What is the remainder when 62 is divided by 21?
20
What is the remainder when 198 is divided by 151?
47
Calculate the remainder when 206 is divided by 177.
29
Calculate the remainder when 699 is divided by 100.
99
Calculate the remainder when 401 is divided by 82.
73
Calculate the remainder when 102 is divided by 33.
3
Calculate the remainder when 1245 is divided by 12.
9
What is the remainder when 104 is divided by 42?
20
What is the remainder when 22036 is divided by 19?
15
What is the remainder when 235 is divided by 13?
1
What is the remainder when 117 is divided by 76?
41
Calculate the remainder when 1817 is divided by 14.
11
What is the remainder when 116 is divided by 33?
17
What is the remainder when 181 is divided by 57?
10
What is the remainder when 69 is divided by 25?
19
Calculate the remainder when 118 is divided by 7.
6
Calculate the remainder when 1016 is divided by 339.
338
Calculate the remainder when 16 is divided by 8.
0
What is the remainder when 319 is divided by 40?
39
What is the remainder when 44 is divided by 42?
2
Calculate the remainder when 101 is divided by 56.
45
What is the remainder when 1344 is divided by 56?
0
Calculate the remainder when 53 is divided by 21.
11
What is the remainder when 229 is divided by 27?
13
Calculate the remainder when 1935 is divided by 17.
14
Calculate the remainder when 3931 is divided by 171.
169
Calculate the remainder when 4452 is divided by 27.
24
Calculate the remainder when 40093 is divided by 33.
31
What is the remainder when 103 is divided by 55?
48
Calculate the remainder when 2522 is divided by 87.
86
What is the remainder when 85 is divided by 29?
27
Calculate the remainder when 65 is divided by 22.
21
Calculate the remainder when 92 is divided by 62.
30
Calculate the remainder when 1468 is divided by 104.
12
What is the remainder when 6225 is divided by 12?
9
Calculate the remainder when 52 is divided by 27.
25
Calculate the remainder when 2963 is divided by 67.
15
What is the remainder when 60 is divided by 21?
18
Calculate the remainder when 1546 is divided by 68.
50
Calculate the remainder when 404 is divided by 56.
12
Calculate the remainder when 41 is divided by 10.
1
Calculate the remainder when 441 is divided by 74.
71
Calculate the remainder when 1804 is divided by 73.
52
What is the remainder when 537 is divided by 18?
15
What is the remainder when 15407 is divided by 46?
43
Calculate the remainder when 1885 is divided by 135.
130
Calculate the remainder when 239 is divided by 60.
59
What is the remainder when 159 is divided by 114?
45
What is the remainder when 474 is divided by 233?
8
What is the remainder when 1913 is divided by 64?
57
What is the remainder when 285 is divided by 36?
33
What is the remainder when 15 is divided by 2?
1
Calculate the remainder when 118 is divided by 20.
18
What is the remainder when 3831 is divided by 213?
210
What is the remainder when 280 is divided by 61?
36
What is the remainder when 192 is divided by 16?
0
Calculate the remainder when 385 is divided by 92.
17
What is the remainder when 1843 is divided by 38?
19
What is the remainder when 2216 is divided by 37?
33
What is the remainder when 10676 is divided by 59?
56
Calculate the remainder when 319 is divided by 20.
19
Calculate the remainder when 424 is divided by 73.
59
Calculate the remainder when 4192 is divided by 420.
412
Calculate the remainder when 688 is divided by 5.
3
Calculate the remainder when 25 is divided by 18.
7
Calculate the remainder when 2237 is divided by 56.
53
What is the remainder when 84 is divided by 15?
9
Calculate the remainder when 126 is divided by 22.
16
What is the remainder when 452 is divided by 35?
32
Calculate the remainder when 157 is divided by 20.
17
Calculate the remainder when 78 is divided by 14.
8
Calculate the remainder when 4424 is divided by 340.
4
Calculate the remainder when 615 is divided by 89.
81
Calculate the remainder when 109 is divided by 14.
11
What is the remainder when 46 is divided by 35?
11
What is the remainder when 424 is divided by 108?
100
What is the remainder when 1583 is divided by 48?
47
What is the remainder when 925 is divided by 156?
145
Calculate the remainder when 1168 is divided by 117.
115
Calculate the remainder when 43 is divided by 37.
6
What is the remainder when 254 is divided by 83?
5
What is the remainder when 520 is divided by 507?
13
Calculate the remainder when 6757 is divided by 13.
10
What is the remainder when 125 is divided by 11?
4
Calculate the remainder when 681 is divided by 49.
44
Calculate the remainder when 498 is divided by 97.
13
Calculate the remainder when 200 is divided by 67.
66
Calculate the remainder when 185 is divided by 149.
36
Calculate the remainder when 294 is divided by 33.
30
Calculate the remainder when 85 is divided by 10.
5
Calculate the remainder when 240 is divided by 8.
0
Calculate the remainder when 64 is divided by 19.
7
Calculate the remainder when 1638 is divided by 40.
38
Calculate the remainder when 2519 is divided by 8.
7
What is the remainder when 751 is divided by 75?
1
Calculate the remainder when 110 is divided by 29.
23
What is the remainder when 119 is divided by 24?
23
Calculate the remainder when 441 is divided by 60.
21
What is the remainder when 102 is divided by 12?
6
Calculate the remainder when 60 is divided by 14.
4
What is the remainder when 629 is divided by 313?
3
Calculate the remainder when 248 is divided by 73.
29
Calculate the remainder when 1275 is divided by 32.
27
Calculate the remainder when 498 is divided by 46.
38
What is the remainder when 197 is divided by 57?
26
Calculate the remainder when 2068 is divided by 1029.
10
Calculate the remainder when 22 is divided by 6.
4
Calculate the remainder when 270 is divided by 79.
33
Calculate the remainder when 1724 is divided by 856.
12
What is the remainder when 357 is divided by 40?
37
What is the remainder when 293 is divided by 290?
3
Calculate the remainder when 6104 is divided by 47.
41
Calculate the remainder when 99 is divided by 43.
13
Calculate the remainder when 8755 is divided by 22.
21
Calculate the remainder when 641 is divided by 30.
11
Calculate the remainder when 668 is divided by 662.
6
What is the remainder when 283 is divided by 3?
1
Calculate the remainder when 671 is divided by 87.
62
What is the remainder when 120 is divided by 7?
1
What is the remainder when 214 is divided by 24?
22
What is the remainder when 328 is divided by 322?
6
What is the remainder when 162 is divided by 46?
24
Calculate the remainder when 491 is divided by 81.
5
What is the remainder when 88 is divided by 18?
16
Calculate the remainder when 125 is divided by 87.
38
Calculate the remainder when 687 is divided by 682.
5
Calculate the remainder when 1511 is divided by 139.
121
Calculate the remainder when 542 is divided by 27.
2
Calculate the remainder when 1005 is divided by 63.
60
Calculate the remainder when 1238 is divided by 609.
20
What is the remainder when 274 is divided by 69?
67
Calculate the remainder when 1821 is divided by 18.
3
What is the remainder when 6416 is divided by 9?
8
Calculate the remainder when 214 is divided by 54.
52
Calculate the remainder when 4492 is divided by 107.
105
Calculate the remainder when 353 is divided by 192.
161
What is the remainder when 402 is divided by 15?
12
What is the remainder when 5732 is divided by 1907?
11
What is the remainder when 8164 is divided by 8?
4
What 